{"id":633,"date":"2025-01-13T19:18:01","date_gmt":"2025-01-13T17:18:01","guid":{"rendered":"https:\/\/gsanegr.ro\/?page_id=633"},"modified":"2025-02-02T20:24:59","modified_gmt":"2025-02-02T18:24:59","slug":"achizitia-autoturism-practica-auto","status":"publish","type":"page","link":"https:\/\/gsanegr.ro\/?page_id=633","title":{"rendered":"Achizitia autoturism practica auto"},"content":{"rendered":"\n<p class=\"has-text-align-center has-luminous-vivid-amber-color has-text-color has-link-color wp-elements-443c58e749b6a7897b2c9387fe04f729\" style=\"font-size:30px\"><strong>Reluare procedura achizitie <\/strong><\/p>\n\n\n\n<p class=\"has-vivid-cyan-blue-color has-text-color has-link-color wp-elements-5f09b7f423697d56accf2bfbe334878d\" style=\"font-size:24px\"><strong>-Solicitare de ofert\u0103<\/strong><\/p>\n\n\n\n<div data-wp-interactive=\"core\/file\" class=\"wp-block-file\"><object data-wp-bind--hidden=\"!state.hasPdfPreview\" hidden class=\"wp-block-file__embed\" data=\"https:\/\/gsanegr.ro\/wp-content\/uploads\/2025\/02\/Anunt_solicitare_oferte_Autoturism_practica_auto.pdf\" type=\"application\/pdf\" style=\"width:100%;height:600px\" aria-label=\"\u00cenglobare pentru Anunt_solicitare_oferte_Autoturism_practica_auto.\"><\/object><a id=\"wp-block-file--media-811797ad-df97-4e40-b4ac-a4fa15755c2c\" href=\"https:\/\/gsanegr.ro\/wp-content\/uploads\/2025\/02\/Anunt_solicitare_oferte_Autoturism_practica_auto.pdf\">Anunt_solicitare_oferte_Autoturism_practica_auto<\/a><a href=\"https:\/\/gsanegr.ro\/wp-content\/uploads\/2025\/02\/Anunt_solicitare_oferte_Autoturism_practica_auto.pdf\" class=\"wp-block-file__button wp-element-button\" download aria-describedby=\"wp-block-file--media-811797ad-df97-4e40-b4ac-a4fa15755c2c\">Descarc\u0103<\/a><\/div>\n\n\n\n<p class=\"has-vivid-cyan-blue-color has-text-color has-link-color wp-elements-998fd04e892f35db8d86a408b1b84c7c\" style=\"font-size:24px\"><strong>-Caiet de sarcini<\/strong><\/p>\n\n\n\n<div data-wp-interactive=\"core\/file\" class=\"wp-block-file\"><object data-wp-bind--hidden=\"!state.hasPdfPreview\" hidden class=\"wp-block-file__embed\" data=\"https:\/\/gsanegr.ro\/wp-content\/uploads\/2025\/01\/Caiet-de-sarcini-Achizitia-de-autoturism-practica-auto.pdf\" type=\"application\/pdf\" style=\"width:100%;height:600px\" aria-label=\"\u00cenglobare pentru Caiet de sarcini Achizitia de autoturism practica auto.\"><\/object><a id=\"wp-block-file--media-7ccf705c-0345-4f72-9b14-a8cf90c65b2d\" href=\"https:\/\/gsanegr.ro\/wp-content\/uploads\/2025\/01\/Caiet-de-sarcini-Achizitia-de-autoturism-practica-auto.pdf\">Caiet de sarcini Achizitia de autoturism practica auto<\/a><a href=\"https:\/\/gsanegr.ro\/wp-content\/uploads\/2025\/01\/Caiet-de-sarcini-Achizitia-de-autoturism-practica-auto.pdf\" class=\"wp-block-file__button wp-element-button\" download aria-describedby=\"wp-block-file--media-7ccf705c-0345-4f72-9b14-a8cf90c65b2d\">Descarc\u0103<br><\/a><\/div>\n\n\n\n<p class=\"has-vivid-cyan-blue-color has-text-color has-link-color wp-elements-e7163347706a37ea9a007a03451a874d\" style=\"font-size:24px\"><strong>&#8211; Anexa T, Scrisoare de \u00eenaintare <\/strong><\/p>\n\n\n\n<div class=\"wp-block-file\"><a id=\"wp-block-file--media-8d2924b3-d33c-4ddd-bd8a-61081fe25d8f\" href=\"https:\/\/gsanegr.ro\/wp-content\/uploads\/2025\/01\/Declaratia-T-oferta-tehnica-12.docx\">Declaratia T &#8211; oferta tehnica<\/a><a href=\"https:\/\/gsanegr.ro\/wp-content\/uploads\/2025\/01\/Declaratia-T-oferta-tehnica-12.docx\" class=\"wp-block-file__button wp-element-button\" download aria-describedby=\"wp-block-file--media-8d2924b3-d33c-4ddd-bd8a-61081fe25d8f\">Descarc\u0103<\/a><\/div>\n\n\n\n<p class=\"has-vivid-cyan-blue-color has-text-color has-link-color wp-elements-eb4092bb4469cb3672ef0df30c9d2100\" style=\"font-size:24px\"><strong>&#8211; Formulare ofertant<\/strong><\/p>\n\n\n\n<div class=\"wp-block-file\"><a id=\"wp-block-file--media-a7e6dcba-408c-40b0-a40d-3c691659c855\" href=\"https:\/\/gsanegr.ro\/wp-content\/uploads\/2025\/01\/Set-formulare-versiune-word-9.docx\">Set formulare (versiune word)<\/a><a href=\"https:\/\/gsanegr.ro\/wp-content\/uploads\/2025\/01\/Set-formulare-versiune-word-9.docx\" class=\"wp-block-file__button wp-element-button\" download aria-describedby=\"wp-block-file--media-a7e6dcba-408c-40b0-a40d-3c691659c855\">Descarc\u0103<\/a><\/div>\n\n\n\n<div data-wp-interactive=\"core\/file\" class=\"wp-block-file\"><object data-wp-bind--hidden=\"!state.hasPdfPreview\" hidden class=\"wp-block-file__embed\" data=\"https:\/\/gsanegr.ro\/wp-content\/uploads\/2025\/01\/Set-formulare-SMART-PDF-11.pdf\" type=\"application\/pdf\" style=\"width:100%;height:600px\" aria-label=\"\u00cenglobare pentru Set formulare SMART-PDF.\"><\/object><a id=\"wp-block-file--media-e2412200-a71a-4f15-b9d6-993a2cad8382\" href=\"https:\/\/gsanegr.ro\/wp-content\/uploads\/2025\/01\/Set-formulare-SMART-PDF-11.pdf\">Set formulare SMART-PDF<\/a><a href=\"https:\/\/gsanegr.ro\/wp-content\/uploads\/2025\/01\/Set-formulare-SMART-PDF-11.pdf\" class=\"wp-block-file__button wp-element-button\" download aria-describedby=\"wp-block-file--media-e2412200-a71a-4f15-b9d6-993a2cad8382\">Descarc\u0103<\/a><\/div>\n\n\n\n<p><\/p>\n\n\n\n<hr class=\"wp-block-separator has-text-color has-vivid-cyan-blue-color has-alpha-channel-opacity has-vivid-cyan-blue-background-color has-background is-style-wide\" style=\"margin-top:var(--wp--preset--spacing--20);margin-bottom:var(--wp--preset--spacing--20)\"\/>\n\n\n\n<hr class=\"wp-block-separator has-text-color has-vivid-cyan-blue-color has-alpha-channel-opacity has-vivid-cyan-blue-background-color has-background is-style-wide\" style=\"margin-top:var(--wp--preset--spacing--30);margin-bottom:var(--wp--preset--spacing--30)\"\/>\n\n\n\n<p><\/p>\n\n\n\n<p class=\"has-vivid-cyan-blue-color has-text-color has-link-color wp-elements-72fe1a62a6b66dd96e3616eefd4d8d41\" style=\"font-size:24px\"><strong>&#8211; Solicitare de ofert\u0103<\/strong><\/p>\n\n\n\n<div data-wp-interactive=\"core\/file\" class=\"wp-block-file\"><object data-wp-bind--hidden=\"!state.hasPdfPreview\" hidden class=\"wp-block-file__embed\" data=\"https:\/\/gsanegr.ro\/wp-content\/uploads\/2025\/01\/Solicitare-oferta-Autoturism-practica-auto.pdf\" type=\"application\/pdf\" style=\"width:100%;height:600px\" aria-label=\"\u00cenglobare pentru Solicitare oferta Autoturism practica auto.\"><\/object><a id=\"wp-block-file--media-0226d51c-b322-4231-b8fc-8d67b68f20b6\" href=\"https:\/\/gsanegr.ro\/wp-content\/uploads\/2025\/01\/Solicitare-oferta-Autoturism-practica-auto.pdf\">Solicitare oferta Autoturism practica auto<\/a><a href=\"https:\/\/gsanegr.ro\/wp-content\/uploads\/2025\/01\/Solicitare-oferta-Autoturism-practica-auto.pdf\" class=\"wp-block-file__button wp-element-button\" download aria-describedby=\"wp-block-file--media-0226d51c-b322-4231-b8fc-8d67b68f20b6\">Descarc\u0103<\/a><\/div>\n\n\n\n<p class=\"has-vivid-cyan-blue-color has-text-color has-link-color wp-elements-d2415e112daedc7a8d5bf56dde78623b\" style=\"font-size:24px\"><strong>&#8211; Caiet de sarcini<\/strong><\/p>\n\n\n\n<div data-wp-interactive=\"core\/file\" class=\"wp-block-file\"><object data-wp-bind--hidden=\"!state.hasPdfPreview\" hidden class=\"wp-block-file__embed\" data=\"https:\/\/gsanegr.ro\/wp-content\/uploads\/2025\/01\/Caiet-de-sarcini-Autoturism-practica-auto.pdf\" type=\"application\/pdf\" style=\"width:100%;height:600px\" aria-label=\"\u00cenglobare pentru Caiet de sarcini Autoturism practica auto.\"><\/object><a id=\"wp-block-file--media-76ea2efc-405c-422c-9124-a9134b55fb61\" href=\"https:\/\/gsanegr.ro\/wp-content\/uploads\/2025\/01\/Caiet-de-sarcini-Autoturism-practica-auto.pdf\">Caiet de sarcini Autoturism practica auto<\/a><a href=\"https:\/\/gsanegr.ro\/wp-content\/uploads\/2025\/01\/Caiet-de-sarcini-Autoturism-practica-auto.pdf\" class=\"wp-block-file__button wp-element-button\" download aria-describedby=\"wp-block-file--media-76ea2efc-405c-422c-9124-a9134b55fb61\">Descarc\u0103<\/a><\/div>\n\n\n\n<p class=\"has-vivid-cyan-blue-color has-text-color has-link-color wp-elements-e7163347706a37ea9a007a03451a874d\" style=\"font-size:24px\"><strong>&#8211; Anexa T, Scrisoare de \u00eenaintare <\/strong><\/p>\n\n\n\n<p class=\"has-vivid-cyan-blue-color has-text-color has-link-color wp-elements-c6dc7ec90bfdd63fdb151ba764f7e024\" style=\"font-size:24px\"><\/p>\n\n\n\n<div class=\"wp-block-file\"><a id=\"wp-block-file--media-5c4eceb6-e4d3-4b9d-bfca-821b389a0275\" href=\"https:\/\/gsanegr.ro\/wp-content\/uploads\/2025\/01\/Declaratia-T-oferta-tehnica-4.docx\">Declaratia T &#8211; oferta tehnica<\/a><a href=\"https:\/\/gsanegr.ro\/wp-content\/uploads\/2025\/01\/Declaratia-T-oferta-tehnica-4.docx\" class=\"wp-block-file__button wp-element-button\" download aria-describedby=\"wp-block-file--media-5c4eceb6-e4d3-4b9d-bfca-821b389a0275\">Descarc\u0103<\/a><\/div>\n\n\n\n<p class=\"has-vivid-cyan-blue-color has-text-color has-link-color wp-elements-eb4092bb4469cb3672ef0df30c9d2100\" style=\"font-size:24px\"><strong>&#8211; Formulare ofertant<\/strong><\/p>\n\n\n\n<p class=\"has-vivid-cyan-blue-color has-text-color has-link-color wp-elements-c6dc7ec90bfdd63fdb151ba764f7e024\" style=\"font-size:24px\"><\/p>\n\n\n\n<div data-wp-interactive=\"core\/file\" class=\"wp-block-file\"><object data-wp-bind--hidden=\"!state.hasPdfPreview\" hidden class=\"wp-block-file__embed\" data=\"https:\/\/gsanegr.ro\/wp-content\/uploads\/2025\/01\/Set-formulare-SMART-PDF-4.pdf\" type=\"application\/pdf\" style=\"width:100%;height:600px\" aria-label=\"\u00cenglobare pentru Set formulare SMART-PDF.\"><\/object><a id=\"wp-block-file--media-5d726f6a-d32f-4ce5-9dbd-5d7cc911e805\" href=\"https:\/\/gsanegr.ro\/wp-content\/uploads\/2025\/01\/Set-formulare-SMART-PDF-4.pdf\">Set formulare SMART-PDF<\/a><a href=\"https:\/\/gsanegr.ro\/wp-content\/uploads\/2025\/01\/Set-formulare-SMART-PDF-4.pdf\" class=\"wp-block-file__button wp-element-button\" download aria-describedby=\"wp-block-file--media-5d726f6a-d32f-4ce5-9dbd-5d7cc911e805\">Descarc\u0103<\/a><\/div>\n\n\n\n<div class=\"wp-block-file\"><a id=\"wp-block-file--media-187f4f71-2ba4-4269-ad7e-b1fc6cdff988\" href=\"https:\/\/gsanegr.ro\/wp-content\/uploads\/2025\/01\/Set-formulare-versiune-word-2.docx\">Set formulare (versiune word)<\/a><a href=\"https:\/\/gsanegr.ro\/wp-content\/uploads\/2025\/01\/Set-formulare-versiune-word-2.docx\" class=\"wp-block-file__button wp-element-button\" download aria-describedby=\"wp-block-file--media-187f4f71-2ba4-4269-ad7e-b1fc6cdff988\">Descarc\u0103<\/a><\/div>\n","protected":false},"excerpt":{"rendered":"<p>Reluare procedura achizitie -Solicitare de ofert\u0103 -Caiet de sarcini &#8211; Anexa T, Scrisoare de \u00eenaintare &#8211; Formulare ofertant &#8211; Solicitare de ofert\u0103 &#8211; Caiet de sarcini &#8211; Anexa T, Scrisoare de \u00eenaintare &#8211; Formulare ofertant<\/p>\n","protected":false},"author":1,"featured_media":0,"parent":0,"menu_order":0,"comment_status":"closed","ping_status":"closed","template":"","meta":{"footnotes":""},"class_list":["post-633","page","type-page","status-publish","hentry"],"_links":{"self":[{"href":"https:\/\/gsanegr.ro\/index.php?rest_route=\/wp\/v2\/pages\/633","targetHints":{"allow":["GET"]}}],"collection":[{"href":"https:\/\/gsanegr.ro\/index.php?rest_route=\/wp\/v2\/pages"}],"about":[{"href":"https:\/\/gsanegr.ro\/index.php?rest_route=\/wp\/v2\/types\/page"}],"author":[{"embeddable":true,"href":"https:\/\/gsanegr.ro\/index.php?rest_route=\/wp\/v2\/users\/1"}],"replies":[{"embeddable":true,"href":"https:\/\/gsanegr.ro\/index.php?rest_route=%2Fwp%2Fv2%2Fcomments&post=633"}],"version-history":[{"count":9,"href":"https:\/\/gsanegr.ro\/index.php?rest_route=\/wp\/v2\/pages\/633\/revisions"}],"predecessor-version":[{"id":768,"href":"https:\/\/gsanegr.ro\/index.php?rest_route=\/wp\/v2\/pages\/633\/revisions\/768"}],"wp:attachment":[{"href":"https:\/\/gsanegr.ro\/index.php?rest_route=%2Fwp%2Fv2%2Fmedia&parent=633"}],"curies":[{"name":"wp","href":"https:\/\/api.w.org\/{rel}","templated":true}]}}